se
Is 17151 composite?
True
Is 105457 a composite number?
True
Is 20341 a composite number?
False
Is 88285 a prime number?
False
Is 334651 composite?
False
Is 1073 prime?
False
Is 21367 a prime number?
False
Is 1018121 a composite number?
True
Is 463943 a prime number?
False
Is 21731 a prime number?
False
Is 5963 composite?
True
Is 111 a composite number?
True
Is 123787 composite?
False
Is 1657 prime?
True
Is 224921 prime?
True
Is 56359 composite?
False
Is 35671 a prime number?
True
Is 279665 prime?
False
Is 769781 composite?
False
Is 265231 prime?
True
Is 101917 prime?
True
Is 78401 a composite number?
False
Is 314399 a prime number?
True
Is 54163 a prime number?
True
Is 3809 a composite number?
True
Is 7519 composite?
True
Is 424937 prime?
False
Is 7171 composite?
True
Is 724901 prime?
True
Is 1003 prime?
False
Is 49831 prime?
True
Is 243731 composite?
True
Is 10301 a composite number?
False
Is 6947 composite?
False
Is 13911 composite?
True
Is 18937 a prime number?
False
Is 588847 a composite number?
True
Is 115567 composite?
True
Is 1002691 a composite number?
True
Is 78977 a composite number?
False
Is 38747 a composite number?
False
Is 2471 composite?
True
Is 1028269 a composite number?
True
Is 117681 a prime number?
False
Is 5429 composite?
True
Is 2234 a prime number?
False
Is 901739 prime?
True
Is 689 a prime number?
False
Is 365587 composite?
False
Is 176677 composite?
False
Is 280001 a prime number?
True
Is 231769 a prime number?
False
Is 85487 a composite number?
False
Is 117617 a composite number?
False
Is 9059 a prime number?
True
Is 16333 a composite number?
False
Is 103909 a prime number?
False
Is 42793 prime?
True
Is 71609 prime?
False
Is 3163 composite?
False
Is 17729 a composite number?
False
Is 4637 composite?
False
Is 1747439 a prime number?
False
Is 182953 composite?
False
Is 48291 prime?
False
Is 137909 composite?
False
Is 9961 prime?
False
Is 13991 a composite number?
True
Is 33206 composite?
True
Is 169297 a prime number?
False
Is 9007 composite?
False
Is 1310209 a prime number?
True
Is 28369 composite?
True
Is 39499 a composite number?
False
Is 170981 a composite number?
True
Is 6761 composite?
False
Is 362105 a composite number?
True
Is 255269 composite?
True
Is 451 prime?
False
Is 1865 a composite number?
True
Is 79 composite?
False
Is 4141 a prime number?
False
Is 26843 prime?
False
Is 58411 a prime number?
True
Is 95451 composite?
True
Is 30193 composite?
True
Is 860677 a prime number?
False
Is 1311797 prime?
True
Is 1914361 composite?
False
Is 16143 a composite number?
True
Is 94407 a prime number?
False
Is 27589 composite?
True
Is 15503 composite?
True
Is 17261 composite?
True
Is 4391 a prime number?
True
Is 11657 prime?
True
Is 236519 a prime number?
True
Is 52913 a composite number?
True
Is 8053 prime?
True
Is 396617 a prime number?
False
Is 9533 prime?
True
Is 279263 a prime number?
False
Is 480979 composite?
False
Is 157333 composite?
True
Is 123857 a composite number?
True
Is 10847 a prime number?
True
Is 66083 prime?
True
Is 76729 a prime number?
False
Is 56081 a composite number?
False
Is 649 a composite number?
True
Is 250123 a composite number?
False
Is 8147 prime?
True
Is 1086429 a prime number?
False
Is 10838 a composite number?
True
Is 420029 prime?
True
Is 724393 prime?
True
Is 9407 a composite number?
True
Is 943429 composite?
False
Is 38371 composite?
False
Is 4699 a prime number?
False
Is 247739 composite?
False
Is 1758503 a composite number?
False
Is 2639353 composite?
False
Is 61837 composite?
False
Is 3694 composite?
True
Is 44057 a composite number?
True
Is 79139 a composite number?
False
Is 279947 composite?
True
Is 1362254 prime?
False
Is 83891 a prime number?
True
Is 27329 prime?
True
Is 211 composite?
False
Is 103297 composite?
True
Is 237826 composite?
True
Is 60509 a composite number?
False
Is 1693 a prime number?
True
Is 186227 composite?
False
Is 403817 a composite number?
False
Is 1968383 composite?
False
Is 269611 prime?
False
Is 42341 a prime number?
False
Is 80531 composite?
True
Is 359017 a composite number?
False
Is 689107 a prime number?
True
Is 110623 composite?
False
Is 122 prime?
False
Is 61597 composite?
True
Is 281509 prime?
True
Is 28709 a composite number?
True
Is 31981 a prime number?
True
Is 2497 a composite number?
True
Is 300479 composite?
True
Is 72815 a prime number?
False
Is 511034 composite?
True
Is 91439 a composite number?
True
Is 370171 a composite number?
True
Is 11993 composite?
True
Is 7355 prime?
False
Is 35611 prime?
False
Is 541 a composite number?
False
Is 1622039 a prime number?
True
Is 19347 composite?
True
Is 38707 a composite number?
False
Is 73519 composite?
True
Is 276581 composite?
False
Is 38167 a prime number?
True
Is 22753 a composite number?
True
Is 17039 composite?
True
Is 48791 a composite number?
True
Is 64499 a composite number?
False
Is 10799 prime?
True
Is 587 prime?
True
Is 1199 a composite number?
True
Is 2949 a prime number?
False
Is 10747 composite?
True
Is 24929 a composite number?
True
Is 2973391 a prime number?
True
Is 8923 a prime number?
True
Is 11207 prime?
False
Is 31981 composite?
False
Is 53107 a prime number?
False
Is 5314 prime?
False
Is 35795 a composite number?
True
Is 381103 composite?
False
Is 99079 prime?
True
Is 47017 a composite number?
False
Is 910123 a prime number?
False
Is 10969 prime?
False
Is 8782 a prime number?
False
Is 4201 composite?
False
Is 698731 a composite number?
True
Is 12587 composite?
True
Is 60209 a composite number?
False
Is 87727 a prime number?
False
Is 141467 a composite number?
True
Is 1631951 prime?
True
Is 15401 a prime number?
True
Is 8399 composite?
True
Is 25621 prime?
True
Is 389465 a prime number?
False
Is 61069 a prime number?
False
Is 364697 a prime number?
False
Is 653669 a prime number?
False
Is 409 a composite number?
False
Is 220919 composite?
False
Is 550361 composite?
True
Is 2655559 composite?
True
Is 9533 composite?
False
Is 163213 a prime number?
False
Is 3535513 prime?
True
Is 83263 a prime number?
False
Is 4031 a prime number?
False
Is 22394 a composite number?
True
Is 208205 a composite number?
True
Is 10513 a prime number?
True
Is 78331 prime?
False
Is 5733209 composite?
False
Is 275053 a prime number?
True
Is 5131 a prime number?
False
Is 276793 composite?
True
Is 86399 a prime number?
True
Is 145949 a composite number?
False
Is 502409 composite?
False
Is 5723915 prime?
False
Is 4831 a composite number?
False
Is 2192051 composite?
False
Is 6041 a composite number?
True
Is 305005 a composite number?
True
Is 47431 a prime number?
True
Is 56977 prime?
False
Is 16715 composite?
True
Is 652459 a prime number?
False
Is 29167 a prime number?
True
Is 293977 a prime number?
False
Is 291077 prime?
True
Is 1427627 a prime number?
True
Is 337 prime?
True
Is 415759 a composite number?
False
Is 719377 prime?
True
Is 436229 a prime number?
False
Is 15185 prime?
False
Is 191281 a composite number?
False
Is 1823357 composite?
False
Is 112741 prime?
True
Is 455093 a prime number?
True
Is 936019 a prime number?
False
Is 163577 prime?
False
Is 2281 a prime number?
True
Is 41867 composite?
True
Is 23357 prime?
True
Is 71801 a prime number?
False
Is 17729 a prime number?
True
Is 27611 prime?
True
Is 2243 prime?
True
Is 185507 a composite number?
True
Is 1187 prime?
True
Is 43753 a prime number?
True
Is 120685 a prime number?
False
Is 55871 prime?
True
Is 1009 a composite number?
False
Is 19153 a prime number?
False
Is 25889 prime?
True
Is 714121 a composite number?
True
Is 25063 a prime number?
False
Is 20591 composite?
True
Is 511541 a prime number?
True
Is 59071 composite?
True
Is 60657 a composite number?
True
Is 71897 a composite number?
True
Is 46853 composite?
False
Is 785 composite?
True
Is 35671 a prime number?
True
Is 2213 a composite number?
False
Is 22493 a composite number?
True
Is 27179 a prime number?
True
Is 4889 a composite number?
False
Is 146539 composite?
False
Is 1639 a prime number?
False
Is 13537 prime?
True
Is 4507 a composite number?
False
Is 20635 composite?
True
Is 100253 composite?
True
Is 143087 a composite number?
True
Is 159709 a composite number?
True
Is 36653 composite?
False
Is 1868617 prime?
True
Is 91255 a prime number?
False
Is 1639 a prime number?
Fa